 factors of 26803?
7, 547
List the prime factors of 7822.
2, 3911
What are the prime factors of 9959?
23, 433
List the prime factors of 45362.
2, 37, 613
List the prime factors of 5531.
5531
What are the prime factors of 327?
3, 109
List the prime factors of 7158.
2, 3, 1193
What are the prime factors of 7977?
3, 2659
List the prime factors of 1972.
2, 17, 29
List the prime factors of 13482.
2, 3, 7, 107
List the prime factors of 28249.
13, 41, 53
List the prime factors of 58323.
3, 19441
List the prime factors of 23558.
2, 11779
List the prime factors of 106.
2, 53
List the prime factors of 77686.
2, 7, 31, 179
What are the prime factors of 146?
2, 73
List the prime factors of 37190.
2, 5, 3719
List the prime factors of 1162.
2, 7, 83
List the prime factors of 1254.
2, 3, 11, 19
What are the prime factors of 24773?
7, 3539
List the prime factors of 11268.
2, 3, 313
List the prime factors of 2691.
3, 13, 23
What are the prime factors of 844?
2, 211
What are the prime factors of 2842?
2, 7, 29
List the prime factors of 51130.
2, 5, 5113
What are the prime factors of 1048?
2, 131
List the prime factors of 8035.
5, 1607
List the prime factors of 454.
2, 227
What are the prime factors of 4059?
3, 11, 41
List the prime factors of 16281.
3, 67
What are the prime factors of 3790?
2, 5, 379
What are the prime factors of 6702?
2, 3, 1117
What are the prime factors of 623?
7, 89
What are the prime factors of 8881?
83, 107
List the prime factors of 2494.
2, 29, 43
List the prime factors of 16388.
2, 17, 241
List the prime factors of 4132.
2, 1033
List the prime factors of 4450.
2, 5, 89
List the prime factors of 41193.
3, 23, 199
What are the prime factors of 69575?
5, 11, 23
List the prime factors of 3844.
2, 31
List the prime factors of 4199.
13, 17, 19
What are the prime factors of 42541?
19, 2239
List the prime factors of 105554.
2, 89, 593
What are the prime factors of 5402?
2, 37, 73
What are the prime factors of 56815?
5, 11, 1033
List the prime factors of 291.
3, 97
List the prime factors of 1599.
3, 13, 41
What are the prime factors of 1439?
1439
List the prime factors of 2656.
2, 83
List the prime factors of 18091.
79, 229
What are the prime factors of 2627?
37, 71
What are the prime factors of 57318?
2, 3, 41, 233
List the prime factors of 2866.
2, 1433
List the prime factors of 2471.
7, 353
What are the prime factors of 42776?
2, 5347
List the prime factors of 704.
2, 11
List the prime factors of 31609.
73, 433
List the prime factors of 664.
2, 83
List the prime factors of 14999.
53, 283
List the prime factors of 6799.
13, 523
List the prime factors of 38695.
5, 71, 109
List the prime factors of 1046.
2, 523
What are the prime factors of 1506?
2, 3, 251
List the prime factors of 3451.
7, 17, 29
List the prime factors of 1688.
2, 211
What are the prime factors of 2278?
2, 17, 67
What are the prime factors of 1116?
2, 3, 31
List the prime factors of 81336.
2, 3, 3389
List the prime factors of 2299.
11, 19
What are the prime factors of 50798?
2, 11, 2309
List the prime factors of 2605.
5, 521
What are the prime factors of 4452?
2, 3, 7, 53
What are the prime factors of 7513?
11, 683
What are the prime factors of 97864?
2, 13, 941
What are the prime factors of 541?
541
What are the prime factors of 450?
2, 3, 5
List the prime factors of 17.
17
List the prime factors of 3168.
2, 3, 11
What are the prime factors of 6306?
2, 3, 1051
What are the prime factors of 3727?
3727
List the prime factors of 9240.
2, 3, 5, 7, 11
List the prime factors of 675.
3, 5
What are the prime factors of 135497?
135497
What are the prime factors of 4016?
2, 251
List the prime factors of 1602.
2, 3, 89
List the prime factors of 5402.
2, 37, 73
List the prime factors of 80839.
11, 7349
What are the prime factors of 90?
2, 3, 5
What are the prime factors of 521?
521
What are the prime factors of 13770?
2, 3, 5, 17
List the prime factors of 43.
43
List the prime factors of 754.
2, 13, 29
List the prime factors of 2404.
2, 601
List the prime factors of 111.
3, 37
List the prime factors of 1416.
2, 3, 59
List the prime factors of 23664.
2, 3, 17, 29
List the prime factors of 4390.
2, 5, 439
What are the prime factors of 142534?
2, 7, 10181
What are the prime factors of 1571?
1571
List the prime factors of 641.
641
What are the prime factors of 4643?
4643
What are the prime factors of 2988?
2, 3, 83
List the prime factors of 158095.
5, 7, 4517
List the prime factors of 74473.
7, 10639
List the prime factors of 744.
2, 3, 31
What are the prime factors of 230?
2, 5, 23
What are the prime factors of 637?
7, 13
What are the prime factors of 779?
19, 41
What are the prime factors of 4270?
2, 5, 7, 61
List the prime factors of 80003.
7, 11, 1039
What are the prime factors of 34083?
3, 7, 541
List the prime factors of 55134.
2, 3, 1021
What are the prime factors of 534?
2, 3, 89
List the prime factors of 849.
3, 283
What are the prime factors of 10715?
5, 2143
List the prime factors of 16993.
16993
List the prime factors of 33187.
7, 11, 431
List the prime factors of 3742.
2, 1871
List the prime factors of 12119.
12119
What are the prime factors of 17108?
2, 7, 13, 47
List the prime factors of 20309.
23, 883
What are the prime factors of 926?
2, 463
List the prime factors of 3478.
2, 37, 47
What are the prime factors of 4772?
2, 1193
List the prime factors of 38726.
2, 17, 67
List the prime factors of 923.
13, 71
List the prime factors of 1113.
3, 7, 53
What are the prime factors of 16020?
2, 3, 5, 89
List the prime factors of 10559.
10559
List the prime factors of 3515.
5, 19, 37
List the prime factors of 741.
3, 13, 19
List the prime factors of 2961.
3, 7, 47
What are the prime factors of 255?
3, 5, 17
List the prime factors of 134048.
2, 59, 71
What are the prime factors of 1869?
3, 7, 89
List the prime factors of 3522.
2, 3, 587
List the prime factors of 815.
5, 163
What are the prime factors of 2269?
2269
What are the prime factors of 1501?
19, 79
What are the prime factors of 261?
3, 29
What are the prime factors of 971?
971
List the prime factors of 26750.
2, 5, 107
What are the prime factors of 94?
2, 47
List the prime factors of 2353.
13, 181
What are the prime factors of 37191?
3, 7, 11, 23
What are the prime factors of 3716?
2, 929
List the prime factors of 64161.
3, 7129
List the prime factors of 17799.
3, 17, 349
List the prime factors of 7804.
2, 1951
What are the prime factors of 7397?
13, 569
List the prime factors of 150.
2, 3, 5
What are the prime factors of 14151?
3, 53, 89
List the prime factors of 3726.
2, 3, 23
What are the prime factors of 135500?
2, 5, 271
What are the prime factors of 3682?
2, 7, 263
What are the prime factors of 30345?
3, 5, 7, 17
What are the prime factors of 606?
2, 3, 101
List the prime factors of 1195.
5, 239
List the prime factors of 14708.
2, 3677
What are the prime factors of 1669?
1669
List the prime factors of 2168.
2, 271
What are the prime factors of 26207?
73, 359
List the prime factors of 1867.
1867
What are the prime factors of 38299?
38299
List the prime factors of 6302.
2, 23, 137
What are the prime factors of 6494?
2, 17, 191
What are the prime factors of 6690?
2, 3, 5, 223
List the prime factors of 3138.
2, 3, 523
What are the prime factors of 73658?
2, 13, 2833
List the prime factors of 2350.
2, 5, 47
List the prime factors of 722.
2, 19
List the prime factors of 1148.
2, 7, 41
List the prime factors of 784.
2, 7
What are the prime factors of 64?
2
What are the prime factors of 200?
2, 5
List the prime factors of 1211.
7, 173
List the prime factors of 16469.
43, 383
List the prime factors of 842.
2, 421
List the prime factors of 36821.
36821
What are the prime factors of 1659?
3, 7, 79
What are the prime factors of 72086?
2, 7, 19, 271
List the prime factors of 1853.
17, 109
What are the prime factors of 3527?
3527
List the prime factors of 15559.
15559
What are the prime factors of 9973?
9973
List the prime factors of 9683.
23, 421
List the prime factors of 2835.
3, 5, 7
List the prime factors of 6543.
3, 727
List the prime factors of 311.
311
What are the prime factors of 3995?
5, 17, 47
What are the prime factors of 92278?
2, 29, 37, 43
What are the prime factors of 9439?
9439
List the prime factors of 1584.
2, 3, 